{"id":35,"date":"2024-07-17T08:25:39","date_gmt":"2024-07-17T08:25:39","guid":{"rendered":"https:\/\/kulturniidentiteti.com\/eng\/research-results\/"},"modified":"2025-12-10T10:35:40","modified_gmt":"2025-12-10T10:35:40","slug":"research-results","status":"publish","type":"page","link":"https:\/\/kulturniidentiteti.com\/eng\/research-results\/","title":{"rendered":"Research Results"},"content":{"rendered":"\n    \n    <section class=\"u-clearfix u-section-2\" id=\"sec-d18f\">\n      <div class=\"u-clearfix u-sheet u-sheet-1\">\n        <p class=\"u-text u-text-default u-text-1\">\n          <span style=\"font-weight: 700;\">OUTCOMES:<\/span>\n          <br>\u00b7 Conducted a content analysis of media reporting on the culture and heritage of Istria and Kvarner, as well as of the official Facebook and Instagram profiles of the Tourist Boards of Istria and Kvarner.<br>\u00b7 Conducted 22 semi-structured interviews with representatives of heritage institutions in the Istria and Kvarner regions.<br>\u00b7 Conducted a survey among 236 residents of Istria and Kvarner who are active in heritage associations.<br>\u00b7 Presented the paper Cultural Heritage in Regional Branding: Local Community Perspectives from Istria and Kvarner at the international International Scientific Conference on Arts and Humanities in Florence, from 28 to 31 October 2025. <br>\n          <br>\n          <span style=\"font-weight: 700;\">PUBLISHED PAPERS:<\/span>\n          <br>\u00b7 Dabo, K., Jakopovi\u0107, H., &amp; Gluva\u010devi\u0107, D. (2025). Reprezentativnost kulturne ba\u0161tine Istre i Kvarnera na naj\u010ditanijim hrvatskim portalima i dru\u0161tvenim mre\u017eama turisti\u010dkih zajednica. \u010casopis za ekonomiju i tr\u017ei\u0161ne komunikacije, 1(25), 176\u2013194. https:\/\/doi.org\/10.7251\/EMC2501176D \n        <\/p>\n      <\/div>\n    <\/section>\n    \n    \n    \n  \n","protected":false},"excerpt":{"rendered":"<p>OUTCOMES: \u00b7 Conducted a content analysis of media reporting on the culture and heritage of Istria and Kvarner, as well as of the official Facebook and Instagram profiles of the Tourist Boards of Istria and Kvarner.\u00b7 Conducted 22 semi-structured interviews with representatives of heritage institutions in the Istria and Kvarner regions.\u00b7 Conducted a survey among &hellip; <a href=\"https:\/\/kulturniidentiteti.com\/eng\/research-results\/\" class=\"more-link\">Continue reading<span class=\"screen-reader-text\"> &#8220;Research Results&#8221;<\/span><\/a><\/p>\n","protected":false},"author":1,"featured_media":0,"parent":0,"menu_order":4,"comment_status":"closed","ping_status":"closed","template":"","meta":{"footnotes":""},"class_list":["post-35","page","type-page","status-publish","hentry"],"_links":{"self":[{"href":"https:\/\/kulturniidentiteti.com\/eng\/wp-json\/wp\/v2\/pages\/35","targetHints":{"allow":["GET"]}}],"collection":[{"href":"https:\/\/kulturniidentiteti.com\/eng\/wp-json\/wp\/v2\/pages"}],"about":[{"href":"https:\/\/kulturniidentiteti.com\/eng\/wp-json\/wp\/v2\/types\/page"}],"author":[{"embeddable":true,"href":"https:\/\/kulturniidentiteti.com\/eng\/wp-json\/wp\/v2\/users\/1"}],"replies":[{"embeddable":true,"href":"https:\/\/kulturniidentiteti.com\/eng\/wp-json\/wp\/v2\/comments?post=35"}],"version-history":[{"count":2,"href":"https:\/\/kulturniidentiteti.com\/eng\/wp-json\/wp\/v2\/pages\/35\/revisions"}],"predecessor-version":[{"id":98,"href":"https:\/\/kulturniidentiteti.com\/eng\/wp-json\/wp\/v2\/pages\/35\/revisions\/98"}],"wp:attachment":[{"href":"https:\/\/kulturniidentiteti.com\/eng\/wp-json\/wp\/v2\/media?parent=35"}],"curies":[{"name":"wp","href":"https:\/\/api.w.org\/{rel}","templated":true}]}}